{"id":37,"date":"2021-08-10T19:39:18","date_gmt":"2021-08-10T17:39:18","guid":{"rendered":"https:\/\/theduck.de\/michellejost\/?page_id=37"},"modified":"2021-08-17T16:15:16","modified_gmt":"2021-08-17T14:15:16","slug":"kooperationen","status":"publish","type":"page","link":"https:\/\/logopaedie-jost.de\/?page_id=37","title":{"rendered":"Kooperationen"},"content":{"rendered":"\n<p>Die Logop\u00e4die bietet ein breites Spektrum an Stimm-\/Sprech- und Kommunikationsm\u00f6glichkeiten. Deshalb bieten wir Unternehmen speziell Tagesseminare an. Diese sind nicht nur geeignet f\u00fcrs Teambuilding, sondern auch um die F\u00e4higkeit der eigenen Stimme kennen zu lernen und richtig zu nutzen. Das Wohlbefinden unserer Stimme ist das h\u00f6chste Gut!<\/p>\n\n\n\n<ul class=\"wp-block-list\"><li>Film\/Fernsehproduktionen und Theater<\/li><li>Stimmbildung und Sprechtraining<\/li><li>Kommunikationstraining f\u00fcr Unternehmen in Gespr\u00e4chsf\u00fchrung<\/li><li>Fr\u00fchf\u00f6rderstellen<\/li><li>Forschungsprojekte<\/li><\/ul>\n","protected":false},"excerpt":{"rendered":"<p>Die Logop\u00e4die bietet ein breites Spektrum an Stimm-\/Sprech- und Kommunikationsm\u00f6glichkeiten. Deshalb bieten wir Unternehmen speziell Tagesseminare an. Diese sind nicht nur geeignet f\u00fcrs Teambuilding, sondern auch um die F\u00e4higkeit der eigenen Stimme kennen zu lernen und richtig zu nutzen. Das Wohlbefinden unserer Stimme ist das h\u00f6chste Gut! Film\/Fernsehproduktionen und Theater [&hellip;]<\/p>\n","protected":false},"author":1,"featured_media":0,"parent":0,"menu_order":0,"comment_status":"closed","ping_status":"closed","template":"","meta":{"_monsterinsights_skip_tracking":false,"_monsterinsights_sitenote_active":false,"_monsterinsights_sitenote_note":"","_monsterinsights_sitenote_category":0,"footnotes":""},"class_list":["post-37","page","type-page","status-publish","hentry"],"aioseo_notices":[],"jetpack_sharing_enabled":true,"_links":{"self":[{"href":"https:\/\/logopaedie-jost.de\/index.php?rest_route=\/wp\/v2\/pages\/37","targetHints":{"allow":["GET"]}}],"collection":[{"href":"https:\/\/logopaedie-jost.de\/index.php?rest_route=\/wp\/v2\/pages"}],"about":[{"href":"https:\/\/logopaedie-jost.de\/index.php?rest_route=\/wp\/v2\/types\/page"}],"author":[{"embeddable":true,"href":"https:\/\/logopaedie-jost.de\/index.php?rest_route=\/wp\/v2\/users\/1"}],"replies":[{"embeddable":true,"href":"https:\/\/logopaedie-jost.de\/index.php?rest_route=%2Fwp%2Fv2%2Fcomments&post=37"}],"version-history":[{"count":5,"href":"https:\/\/logopaedie-jost.de\/index.php?rest_route=\/wp\/v2\/pages\/37\/revisions"}],"predecessor-version":[{"id":126,"href":"https:\/\/logopaedie-jost.de\/index.php?rest_route=\/wp\/v2\/pages\/37\/revisions\/126"}],"wp:attachment":[{"href":"https:\/\/logopaedie-jost.de\/index.php?rest_route=%2Fwp%2Fv2%2Fmedia&parent=37"}],"curies":[{"name":"wp","href":"https:\/\/api.w.org\/{rel}","templated":true}]}}